{"id":110,"date":"2016-12-27T02:59:34","date_gmt":"2016-12-27T02:59:34","guid":{"rendered":"http:\/\/englishcollegelosrios.cl\/?page_id=110"},"modified":"2023-07-28T15:43:07","modified_gmt":"2023-07-28T15:43:07","slug":"reglamento-interno-de-convivencia-escolar-english-college-los-rios","status":"publish","type":"page","link":"http:\/\/englishcollegelosrios.cl\/?page_id=110","title":{"rendered":"Reglamento Interno de Convivencia Escolar"},"content":{"rendered":"<p><strong>\u00a0\u00a0<img loading=\"lazy\" decoding=\"async\" class=\"size-medium wp-image-364 aligncenter\" src=\"http:\/\/englishcollegelosrios.cl\/wp-content\/uploads\/2022\/06\/NUEVO-LOGO-300x114.png\" alt=\"\" width=\"300\" height=\"114\" srcset=\"http:\/\/englishcollegelosrios.cl\/wp-content\/uploads\/2022\/06\/NUEVO-LOGO-300x114.png 300w, http:\/\/englishcollegelosrios.cl\/wp-content\/uploads\/2022\/06\/NUEVO-LOGO-768x292.png 768w, http:\/\/englishcollegelosrios.cl\/wp-content\/uploads\/2022\/06\/NUEVO-LOGO-1024x390.png 1024w, http:\/\/englishcollegelosrios.cl\/wp-content\/uploads\/2022\/06\/NUEVO-LOGO-160x61.png 160w, http:\/\/englishcollegelosrios.cl\/wp-content\/uploads\/2022\/06\/NUEVO-LOGO-800x304.png 800w\" sizes=\"(max-width: 300px) 100vw, 300px\" \/><\/strong><\/p>\n<p style=\"text-align: center;\"><strong>REGLAMENTO INTERNO: DEFINICI\u00d3N Y CARACTER\u00cdSTICAS.\u00a0\u00a0<\/strong><strong>\u00a0<\/strong><\/p>\n<ol>\n<li style=\"text-align: left;\">El presente reglamento es un instrumento que contiene un marco de acuerdos que busca favorecer una convivencia arm\u00f3nica, resguardando el bienestar y los derechos de todos los miembros del Establecimiento English College Los R\u00edos y todo esto, en el marco de la normativa educacional vidente y los\u00a0 principios cristianos-evang\u00e9licos que\u00a0 sustenta el\u00a0 Establecimiento y est\u00e1n contenidos en el Proyecto Educativo Institucional.<\/li>\n<li style=\"text-align: left;\">Como instituci\u00f3n educacional confesional, sigue las orientaciones b\u00edblicas que sostienen la vida humana como primer y principal de los derechos, desde donde emanan todos los dem\u00e1s como libertad, dignidad y respeto, propiciando el mantenimiento de la conducta basada en el mandamiento del amor y respeto al pr\u00f3jimo, de acuerdo a Mateo 22: 37-39 \u201c<em>Jes\u00fas le dijo: Ama al Se\u00f1or tu Dios con todo tu coraz\u00f3n, con toda tu ser y con toda tu mente. Este es el primero y el m\u00e1s importante de los mandamientos. Y el segundo es semejante: Ama a tu pr\u00f3jimo como a ti mismo\u201d y Mateo 7: 12 \u201cAs\u00ed que en todo, traten ustedes a los dem\u00e1s tal y como quieren que ellos los traten a ustedes\u201d<\/em>. (Versi\u00f3nNVI).<\/li>\n<li style=\"text-align: left;\">Partiendo de la premisa que el proceso educativo del Establecimiento English College se orienta al desarrollo arm\u00f3nico e integral de los alumnos y alumnas, el establecimiento velar\u00e1, en todo momento, por el cultivo y acrecentamiento de valores y actitudes de escucha activa, respeto mutuo, dignidad, veracidad y autodisciplina, valores fundamentales para que la comunidad escolar se vea favorecida con un ambiente de sana convivencia escolar, donde se respete el desarrollo integral, bienestar y derechos de los p\u00e1rvulos y de todos los miembros de la comunidad.<\/li>\n<\/ol>\n<p>Descarga el archivo en el siguiente link:<\/p>\n<p><a href=\"http:\/\/englishcollegelosrios.cl\/wp-content\/uploads\/2023\/07\/REGLAMENTO-DE-CONVIVENCIA-INTERNA-MAYO-2023_compressed-1.pdf\">REGLAMENTO DE CONVIVENCIA INTERNA MAYO 2023_compressed (1)<\/a><\/p>\n<p>&nbsp;<\/p>\n","protected":false},"excerpt":{"rendered":"<p>\u00a0\u00a0 REGLAMENTO INTERNO: DEFINICI\u00d3N Y CARACTER\u00cdSTICAS.\u00a0\u00a0\u00a0 El presente reglamento es un instrumento que contiene un marco de acuerdos que busca favorecer una convivencia arm\u00f3nica, resguardando el bienestar y los derechos de todos los miembros del Establecimiento English College Los R\u00edos y todo esto, en el marco de la normativa educacional vidente y los\u00a0 principios cristianos-evang\u00e9licos [&hellip;]<\/p>\n","protected":false},"author":1,"featured_media":0,"parent":2,"menu_order":0,"comment_status":"closed","ping_status":"closed","template":"","meta":{"_monsterinsights_skip_tracking":false,"_monsterinsights_sitenote_active":false,"_monsterinsights_sitenote_note":"","_monsterinsights_sitenote_category":0,"footnotes":""},"_links":{"self":[{"href":"http:\/\/englishcollegelosrios.cl\/index.php?rest_route=\/wp\/v2\/pages\/110"}],"collection":[{"href":"http:\/\/englishcollegelosrios.cl\/index.php?rest_route=\/wp\/v2\/pages"}],"about":[{"href":"http:\/\/englishcollegelosrios.cl\/index.php?rest_route=\/wp\/v2\/types\/page"}],"author":[{"embeddable":true,"href":"http:\/\/englishcollegelosrios.cl\/index.php?rest_route=\/wp\/v2\/users\/1"}],"replies":[{"embeddable":true,"href":"http:\/\/englishcollegelosrios.cl\/index.php?rest_route=%2Fwp%2Fv2%2Fcomments&post=110"}],"version-history":[{"count":9,"href":"http:\/\/englishcollegelosrios.cl\/index.php?rest_route=\/wp\/v2\/pages\/110\/revisions"}],"predecessor-version":[{"id":376,"href":"http:\/\/englishcollegelosrios.cl\/index.php?rest_route=\/wp\/v2\/pages\/110\/revisions\/376"}],"up":[{"embeddable":true,"href":"http:\/\/englishcollegelosrios.cl\/index.php?rest_route=\/wp\/v2\/pages\/2"}],"wp:attachment":[{"href":"http:\/\/englishcollegelosrios.cl\/index.php?rest_route=%2Fwp%2Fv2%2Fmedia&parent=110"}],"curies":[{"name":"wp","href":"https:\/\/api.w.org\/{rel}","templated":true}]}}